{"id":6,"date":"2024-04-10T14:47:57","date_gmt":"2024-04-10T14:47:57","guid":{"rendered":"https:\/\/blaess.dk\/?page_id=6"},"modified":"2024-04-10T14:47:57","modified_gmt":"2024-04-10T14:47:57","slug":"majken-blaess-moegelbjerg","status":"publish","type":"page","link":"https:\/\/blaess.dk\/index.php\/majken-blaess-moegelbjerg\/","title":{"rendered":"Majken Blaess M\u00f8gelbjerg"},"content":{"rendered":"\n<div class=\"wp-block-group alignfull has-accent-background-color has-background has-global-padding is-layout-constrained wp-container-core-group-is-layout-669513ed wp-block-group-is-layout-constrained\" style=\"margin-top:0;margin-bottom:0;padding-top:var(--wp--preset--spacing--50);padding-right:var(--wp--preset--spacing--50);padding-bottom:var(--wp--preset--spacing--50);padding-left:var(--wp--preset--spacing--50)\">\n<div class=\"wp-block-columns alignwide is-layout-flex wp-container-core-columns-is-layout-1da03c2a wp-block-columns-is-layout-flex\">\n<div class=\"wp-block-column is-vertically-aligned-stretch is-layout-flow wp-block-column-is-layout-flow\" style=\"flex-basis:50%\">\n<div class=\"wp-block-group is-vertical is-content-justification-stretch is-layout-flex wp-container-core-group-is-layout-444d5ee8 wp-block-group-is-layout-flex\" style=\"min-height:100%\">\n<p class=\"has-text-align-left has-contrast-2-color has-text-color has-link-color has-heading-font-family has-large-font-size wp-elements-1cdaab1536b20e6b6a194b3ce5a73198\" style=\"line-height:1.2\"><strong>Detaljer<\/strong><br>\u00d8jenfarve: Bl\u00e5-gr\u00f8n<br>H\u00e5rfarve: M\u00f8rkeblond<br><br><strong>Kontakt<\/strong><br>Mail: <a href=\"mailto:majken@blaess.dk\">majken@blaess.dk<\/a><br>Telefon: 22 90 85 02<br><br><\/p>\n<\/div>\n<\/div>\n\n\n\n<div class=\"wp-block-column is-vertically-aligned-center is-layout-flow wp-block-column-is-layout-flow\" style=\"flex-basis:50%\">\n<figure class=\"wp-block-image aligncenter size-full is-resized is-style-rounded is-style-rounded--1\"><img loading=\"lazy\" decoding=\"async\" width=\"1710\" height=\"1710\" src=\"https:\/\/blaess.dk\/wp-content\/uploads\/2024\/04\/IMG_8973.jpg\" alt=\"\" class=\"wp-image-8\" style=\"object-fit:cover;width:384px;height:auto\" srcset=\"https:\/\/blaess.dk\/wp-content\/uploads\/2024\/04\/IMG_8973.jpg 1710w, https:\/\/blaess.dk\/wp-content\/uploads\/2024\/04\/IMG_8973-300x300.jpg 300w, https:\/\/blaess.dk\/wp-content\/uploads\/2024\/04\/IMG_8973-1024x1024.jpg 1024w, https:\/\/blaess.dk\/wp-content\/uploads\/2024\/04\/IMG_8973-150x150.jpg 150w, https:\/\/blaess.dk\/wp-content\/uploads\/2024\/04\/IMG_8973-768x768.jpg 768w, https:\/\/blaess.dk\/wp-content\/uploads\/2024\/04\/IMG_8973-1536x1536.jpg 1536w\" sizes=\"auto, (max-width: 1710px) 100vw, 1710px\" \/><\/figure>\n<\/div>\n<\/div>\n<\/div>\n","protected":false},"excerpt":{"rendered":"<p>Detaljer\u00d8jenfarve: Bl\u00e5-gr\u00f8nH\u00e5rfarve: M\u00f8rkeblond KontaktMail: majken@blaess.dkTelefon: 22 90 85 02<\/p>\n","protected":false},"author":1,"featured_media":0,"parent":0,"menu_order":0,"comment_status":"closed","ping_status":"closed","template":"","meta":{"footnotes":""},"class_list":["post-6","page","type-page","status-publish","hentry"],"_links":{"self":[{"href":"https:\/\/blaess.dk\/index.php\/wp-json\/wp\/v2\/pages\/6","targetHints":{"allow":["GET"]}}],"collection":[{"href":"https:\/\/blaess.dk\/index.php\/wp-json\/wp\/v2\/pages"}],"about":[{"href":"https:\/\/blaess.dk\/index.php\/wp-json\/wp\/v2\/types\/page"}],"author":[{"embeddable":true,"href":"https:\/\/blaess.dk\/index.php\/wp-json\/wp\/v2\/users\/1"}],"replies":[{"embeddable":true,"href":"https:\/\/blaess.dk\/index.php\/wp-json\/wp\/v2\/comments?post=6"}],"version-history":[{"count":1,"href":"https:\/\/blaess.dk\/index.php\/wp-json\/wp\/v2\/pages\/6\/revisions"}],"predecessor-version":[{"id":9,"href":"https:\/\/blaess.dk\/index.php\/wp-json\/wp\/v2\/pages\/6\/revisions\/9"}],"wp:attachment":[{"href":"https:\/\/blaess.dk\/index.php\/wp-json\/wp\/v2\/media?parent=6"}],"curies":[{"name":"wp","href":"https:\/\/api.w.org\/{rel}","templated":true}]}}